6 = 22. Let f(t) = 3 + 24*t**3 - 23*t**3 - 6*t**n - 4 + 3*t**2 - 4*t. Determine f(4).
-1
Suppose 0 = 2*n - 5*d - 1, 0 = -3*n - 2*d + d + 10. Let w(t) = -3*t**2 - 46*t**n - t + 45*t**3 - t. Let k = 21 - 23. Calculate w(k).
0
Suppose -31 - 72 = n. Let b = n + 178. Let z(t) = -b - 6*t**2 + 7*t**2 + 6*t + 80. Determine z(-7).
12
Let v(o) = -o**3 + 6*o**2 + 17*o - 6. Let b be v(8). Let m(g) = -g**2 - 3*g + 6. Let n(p) = -p**2 - 5*p + 8. Let i(r) = b*n(r) - 3*m(r). Calculate i(2).
0
Let f(z) = z**2 + 135*z - 402. Suppose 16 = 4*w, -2*l - 5*w = -83 + 57. Give f(l).
12
Let s(d) = 76*d**2 + 21*d + 13. Let q(l) = -16*l**2 - 3*l - 2. Let p(j) = 5*q(j) + s(j). Calculate p(-2).
-25
Let x(j) = 22*j**3 - 1. Let h = 9920 - 9921. What is x(h)?
-23
Let j = 3 - 0. Suppose 8*i - 4*i - 8 = 0. Let d(w) = 8*w**i - 8*w - j*w**3 + 0*w**3 - 5*w**3 + 1 + 7*w**3. Determine d(7).
-6
Let l(t) = t**2 + 6*t - 6. Let j = 7885 - 7893. What is l(j)?
10
Suppose 4*w - 3*s - 317 = 656, -s = 3. Suppose 6*u = 241 - w. Let p(x) = -x**3 - 2*x - 4. Calculate p(u).
-4
Let n(s) be the second derivative of -s**4/4 - 11*s**3/3 - 24*s**2 + 3833*s. Give n(-6).
-24
Let f(a) be the first derivative of a**4/4 - 16*a**3/3 + 63*a**2/2 - 36*a + 13384. Determine f(10).
-6
Let h(o) = -2*o**3 + 3*o**2 - o. Suppose 0 = n - 4*l - 44, 0 = -2*n - l + 4*l + 103. Let j = 58 - n. Calculate h(j).
-6
Let q(k) = 3*k - 1. Let b(o) = -3*o + 13. Let r = -81 - -83. Suppose 5*c = -l + 25 - 3, -c + 3*l = r. Let f be b(c). Determine q(f).
2
Suppose -48 + 43 = r. Let m(q) = -q**2 + 12*q + 6. Let l(u) = u**2 - 14*u - 6. Let v(k) = r*l(k) - 6*m(k). Calculate v(5).
9
Let n(h) = 2*h. Suppose -3*x = -2*x - 22. Let w(t) be the second derivative of 4*t**3 + 20*t. Let s(q) = x*n(q) - 2*w(q). Calculate s(-3).
12
Let b(w) = 396 - 19 + 3*w - 127 - 115 - 124. Suppose 14 = 4*d + 38. What is b(d)?
-7
Let u(z) be the third derivative of 7*z**4/24 + 31*z**3/6 - 2258*z**2. Determine u(-7).
-18
Let m(u) = 421*u**2 - 209*u**2 + 8 - 6*u + 4 - 213*u**2. What is m(-8)?
-4
Let s(z) = -623*z + 15 - 623*z - 616*z + 1848*z + 6. Give s(3).
-21
Let h(c) = c**2 + 7*c - 8. Suppose -5*q + 8*q = 60. Let t be (20/q)/(2/32). Suppose t = -6*f - 20. Calculate h(f).
-14
Suppose 4*t - 2*l + 40 = 0, -2*t + 3*l - 5 = 23. Let i be (2 - 1)/(4/t). Let c(y) = -6*y - 3. What is c(i)?
9
Let h(t) = 376*t + 385*t + 25 - 1146*t + 384*t. Determine h(15).
10
Let o(m) = -424667*m - 1 + 0 + 424667*m - m**3. Let a be 0 + 2 + (0 - 0). Suppose 0 = -2*t + a*x - 4, t + t + 2*x = 0. What is o(t)?
0
Let s(w) be the third derivative of -w**6/120 + w**5/5 + 5*w**4/8 - 8*w**3/3 - 39*w**2 + 1. Let d be s(13). Let t(n) = n - 4. Calculate t(d).
6
Let k(u) = -u**3 + 7*u**2 + 3*u + 1. Let c(o) = o**3 - 11*o**2 + 22*o + 22. Let a be c(8). Determine k(a).
55
Let h(d) be the third derivative of -17*d**4/24 + 233*d**3/3 - 11770*d**2. Give h(27).
7
Let i(z) = 19*z**3 + 2*z**2 - 85*z + 34. Let m(c) = -12*c**3 - 2*c**2 + 55*c - 22. Let u(y) = -5*i(y) - 8*m(y). Give u(-8).
-2
Let q(u) = u**3 - 3*u**2 - 2*u - 3. Let k be 0/(4 + (-2 - 4)). Let p = -94 + 101. Suppose k = -3*m - o + p, 0 = 4*m - 2*o + 3*o - 11. Calculate q(m).
5
Let d = 25 + -16. Let a(s) = -7*s + d*s + 1 - 2 + 3. Let r = 107 + -105. Calculate a(r).
6
Let d be -9 - -5 - (3 + -7). Let g(f) = -3*f**3 - f**2 - f - 4. Let y(j) = 4*j**3 + j**2 + j + 4. Let q(z) = -3*g(z) - 2*y(z). Calculate q(d).
4
Let y(k) = 3*k**2 - 12*k + 22. Let c(h) = 17*h**2 - 64*h + 113. Let s(b) = -2*c(b) + 11*y(b). Give s(-8).
-16
Suppose 3*m - 8 = -4*h, 9 = 5*m - 4*m - 5*h. Let l(j) = -j - 21. Calculate l(m).
-25
Let i(g) = 4*g + 386. Let h(u) = -u + 77. Let n(l) = 3*h(l) - i(l). What is n(-23)?
6
Let w(t) = -119*t + 6304. Let f be w(53). Let s(l) = -10*l + 6. What is s(f)?
36
Let a(n) = -59 + 3*n + 24 + 21. Let c(s) = 34*s - 1894. Let k be c(56). What is a(k)?
16
Let b(h) = -h**3 + 8*h**2 + 2*h - 3. Let a be b(8). Let j(u) = 13*u + 5. Let r(l) = -28*l - 10. Let n(p) = a*j(p) + 6*r(p). What is n(-9)?
-4
Let v(y) = -1201*y + 1215*y + 32 - 10*y**2 + 5*y**3 - 2*y**3 - 4*y**3 - 9. What is v(-11)?
-10
Let s(v) = v**3 - 9*v**2 + 7*v - 9. Let t(o) = o**3 - 11*o**2 + 17*o + 85. Let h be t(7). Calculate s(h).
-17
Let g(y) be the first derivative of -y**5/20 - 3*y**4/4 - 2*y**3 - 5*y**2/2 + 78*y - 45. Let o(n) be the first derivative of g(n). Determine o(-8).
27
Let x(u) be the second derivative of u**4/12 - 2*u**3 + u**2 - 3*u. Let g be x(12). Let b(s) = -300*s + 301*s - 1 + g. Calculate b(2).
3
Let v be (14 - (-104)/(-7))/((-3)/28). Suppose 26*h - 18*h = v. Let c(d) = d**3 + d**2 - 1. Calculate c(h).
1
Let f(u) be the first derivative of -46/3*u**3 + 1/2*u**2 + u - 76. Determine f(-1).
-46
Let p(q) = -13*q + 2*q - q**3 + 86 + 8*q**2 - 76. Suppose 0 = -38*r + 14*r + 168. Determine p(r).
-18
Let p(v) = v**3 - 3*v**2 + 2*v - 3. Suppose 14*w - 1311 = -5*w. Let s be w*4/84 + 8/(-28). Determine p(s).
3
Let m(l) be the third derivative of -l**5/30 + 19*l**4/12 + 20*l**3/3 + 1797*l**2. Give m(20).
0
Let w(n) = 3*n**3 - 3*n**2 - n - 1. Suppose 10 = -5*z - u + 2, -10 = 3*z - 2*u. Calculate w(z).
-35
Suppose -9*m + 15 = -48. Suppose -y - m*y = -64. Let q(h) be the second derivative of h**3/6 + h**2/2 + h. What is q(y)?
9
Suppose 0 = 27*q + 270*q - 594. Let f(z) = -2*z**2 - 58*z + 116. Give f(q).
-8
Suppose -1400 = 79*y - 58*y + 49*y. Let l(o) = -8*o - 25. Give l(y).
135
Let o(j) be the first derivative of 3*j**2/2 - 6*j + 1. Let d be 8/(-54)*(-1530)/1700 - 163/(-15). Calculate o(d).
27
Let y be 2/(-6) - 4/72*-78. Let b(i) be the second derivative of -2/3*i**3 + i**2 - 1/20*i**5 - 5/12*i**y + 0 - 11*i. Give b(-4).
2
Suppose 3*z - 6 = 5*y, -74*z + 73*z + 22 = -5*y. Let v(f) = -f**3 - 10*f**2 - 10*f - 20. Determine v(z).
-68
Let b(m) = -178*m + m**3 + 34*m + 66 + 5*m**3 + 66*m**2 + 15*m - 7*m**3. Calculate b(64).
2
Suppose 0 = 4*b - 2*s - 14, -2*s + 19 = 4*b + s. Let p(f) = 8*f - 25. Let v be p(b). Let u = v + 2. Let h(l) = -l + 5. Calculate h(u).
-4
Suppose -4*x = 2*n + 4, -6*n - x + 8 = -n. Let a(f) = 3*f - 63 + 10*f**2 + 61 - 7*f**n. Give a(-3).
16
Suppose -12*k + 16*k = -2*i - 18, -16 = 2*k. Let u(r) = -r**2 + 3*r - 31. Calculate u(i).
-59
Suppose -226*j - 2191 - 108 = -17*j. Let m(w) = w**3 + 13*w**2 + 29*w + 49. Give m(j).
-28
Let m(r) be the second derivative of -r**4/12 + 5*r**3/3 + 14*r**2 - 2136*r - 2. Calculate m(12).
4
Let l(q) = 393 - 130 - 2*q - 131 - 131. Let k(z) = -9*z + 8. Let g(p) = k(p) - 6*l(p). Let t(w) = -w**3 + 4*w**2 + 6*w + 1. Let n be t(5). What is g(n)?
20
Let l = 2179 - 2177. Let m(k) = 4*k. Calculate m(l).
8
Let n(x) = x**3 + 5*x**2 - x - 7. Let i be 14/(-4) - (15/2 - 7). Let g be -4 - (i/((-12)/3) + -62). Let r be g/(-12) + ((-35)/(-20) - 2). Determine n(r).
-2
Let t(o) be the second derivative of o**5/20 - o**4/4 - 29*o**3/6 + 7*o**2/2 - 2842*o. Calculate t(7).
0
Let t(m) be the first derivative of 4*m**2 - 65*m + 97. Calculate t(9).
7
Suppose 123*w + 79 = 120*w - 2*k, w - k + 23 = 0. Let m(b) = -b**2 - 23*b + 54. Calculate m(w).
4
Let i(m) = 115 - 713*m + 230 - 73 + 725*m. Determine i(-24).
-16
Let y(s) = 34*s + 1983. Let v be y(-58). Let m(l) = -4 + 0*l**2 - 12 - 9*l + l**2. Give m(v).
6
Let c(g) = g**2 - 7*g - 35. Let q be c(10). Let w(j) = -3*j + 7*j**2 + 2*j - j + 18 - 8*j**2. Let s be w(q). Let z(i) = -2*i. What is z(s)?
-6
Suppose 0 = -3*u + 73 - 67. Suppose -s - 2 = i, -9 - u = 5*s + 4*i. Let j(b) = 6*b - 2. What is j(s)?
-20
Let m(j) be the second derivative of j**5/20 + j**4/2 - j**3/3 - 13*j**2/2 + 3*j + 241. Determine m(-6).
-1
Let c(n) be the first derivative of n - n**2 - 1/3*n**3 + 82. Give c(-3).
-2
Let g(n) = -3*n**2 - 2*n + 3. Suppose 0 = -20*r + 62 - 22. Let u(w) = 2*w**2 + 1. Let v(h) = r*u(h) + g(h). Give v(5).
20
Let x(c) = 2*c**2 - 7*c - 25. Suppose -4*y = 8*g - 4*g + 8, -4*g = -y + 13. Give x(g).
14
Let v(l) = 9*l + 2. Let s(i) = 10*i + 2. Let f(g) = -4*s(g) + 5*v(g). Suppose 2*x - 5*m - 1691 = 0, -2*x + 930 = 4*m - 734. Let n = -835 + x. What is f(n)?
17
Suppose 6*s + 120 = -5*g + 5*s, 4*g = -3*s - 96. Let h(a) = -2*a - 45. What is h(g)?
3
Let q(x) = 48*x**3 + 25*x**2 + 3*x + 221. Let l(t) = 25*t**3 - 2*t**2 + t. Let p(h) = 2*l(h) - q(h). Determine p(15).
-11
Let x(l) be the third derivative of -l**6/30 - l**5/12 - 7*l